3
Let b(q) = -q**3 + 8*q**2 - 4*q - 1. Let s be b(7). What is the tens digit of 5/s + (-127)/(-4)?
3
Let j(w) = -66*w - 2. Let a be j(-1). Suppose -5*v - 98 = -4*b, 0 = -3*b + 2*v - 3*v + a. What is the units digit of b?
2
Let m = 11 + -10. Let h = 27 - m. What is the units digit of h?
6
Let h(v) = -2*v + 10. Let a(d) = 3*d - 15. Let w(u) = -5*a(u) - 7*h(u). Let g be w(0). Suppose -g*l + 5 = -0. What is the units digit of l?
1
Suppose -q + 0*t - t = 3, 7 = -q - 5*t. Let x(m) = m**3 + 3*m**2 + m. Let i be x(q). Suppose -s - 3 = -i*s. What is the units digit of s?
3
Let t be 9/(-3) - (-1 + 2). Let l be 1 - (-5)/(10/t). What is the units digit of l*3 - 30/(-5)?
3
Let h(f) = -9*f**2 + f**2 + 7*f + 0*f**3 + 3 + f**3. What is the units digit of h(7)?
3
Suppose 0 = 2*t + o - 233, -t + 5*o - 37 + 137 = 0. What is the units digit of t?
5
Let t = 15 + -10. Suppose a - 5 = -h, -2*a = -5*h - 1 + t. Suppose 8 = 5*u - h*u + i, 4*i = 5*u + 15. What is the units digit of u?
1
Suppose -5*g = 2*z - 141, g + 0*g - 1 = 0. What is the units digit of z?
8
Let l(f) = -f + 6. Let m be l(6). Let i(a) = 4 - 3*a**3 - 2*a**3 - a + a**2 + 0*a + 4*a**3. What is the units digit of i(m)?
4
Suppose -3*i = 2*i + 5*r - 30, 5*i = -4*r + 30. Suppose 0 = i*o - 4*o - 94. What is the units digit of o?
7
Suppose -d + 477 = 5*j, -5*j + 4*d + 202 = -265. What is the tens digit of j?
9
Let j be ((-3)/(-2))/(2/12). What is the units digit of 79/j - (-4)/18?
9
Let z be 0 - (4 + 3 - 3). Let s = 5 + z. What is the units digit of s?
1
Suppose -2*i + 4*b + 8 = -14, -3*i + b = -18. Suppose -2*z = -i*z + 21. What is the units digit of z?
7
What is the tens digit of 8*(-1)/2 + 49?
4
Suppose -3*y - 2*y = -70. Let h = -4 + y. What is the units digit of h?
0
Let w = 19 + 22. What is the units digit of w?
1
Suppose -2*y + 3*p + 23 = -2*p, 4*y + 2*p = 106. Let b = 9 - y. What is the units digit of ((-15)/2)/(b/20)?
0
Let f(g) = -63*g - 7. What is the units digit of f(-2)?
9
Let h be 49/5 - (-2)/10. Let i(g) = 2*g - 11. What is the units digit of i(h)?
9
Let o(z) = -27*z - 8. What is the units digit of o(-5)?
7
Let s be (28 + 1)*(-8)/(-4). Let t = 90 - s. Suppose -x = -5*x + t. What is the units digit of x?
8
Let w(f) = 2*f**3 - 1. What is the units digit of w(2)?
5
Let k(t) = t**2 - 1. Let f be k(-1). Suppose 2*p + 2*j = -f*p + 16, 0 = -2*p + 5*j - 5. Suppose 22 = p*b - 3*b. What is the tens digit of b?
1
Let v(r) be the first derivative of r**4/4 - 7*r**3/3 - 7*r**2/2 + r + 4. What is the units digit of v(8)?
9
What is the units digit of (-6)/(3/(-6) - 1)?
4
Suppose 0 = u + 2*l - 7, l + 4 = -3*u + 10. Let x = u + 2. Suppose -8*w = -x*w - 50. What is the units digit of w?
0
Let a be 0 + (2 + -2)/1. Let x be (a - 1 - 0) + -17. What is the units digit of (-3)/x*4*3?
2
Suppose 3*g - 230 = -2*g. What is the tens digit of g?
4
Let s = 80 - 145. Let p = s + 35. Let g = -10 - p. What is the tens digit of g?
2
Suppose 7*v - 35 = 2*v. Let l = -7 + v. Suppose -2*k + 17 + 1 = l. What is the units digit of k?
9
Suppose -2*h + 8 + 76 = 0. Let a = h + -22. What is the units digit of a?
0
Let h be ((-1 + 1)/(-3))/(-1). What is the units digit of (0/(-1) - h) + 8?
8
What is the tens digit of (-1092)/(-8) - (-2)/((-8)/2)?
3
Let g = 63 - -211. What is the hundreds digit of g?
2
Let t(h) be the third derivative of -3*h**4/4 + h**3/3 - 2*h**2. Let w be t(-3). Suppose 0*d = -4*d + w. What is the units digit of d?
4
Let f be 2*(-7)/((-28)/8). Let j = f + 6. What is the tens digit of j?
1
What is the units digit of 22/6 + (-10)/15?
3
Let v(l) = 3*l - 3. Let q be v(2). Suppose -4*f - q*a + 2 = 0, 3*a + 0*a = 5*f - 16. Suppose h - 27 = -f*h. What is the units digit of h?
9
Suppose -g - 4 = -4*t, t - 10 = g - 3*g. Let u be 4 + 0/(4/t). Let m = -2 + u. What is the units digit of m?
2
Let f = 0 + 0. Let v be 0/(1 + f - 0). Suppose -a - a + 6 = v. What is the units digit of a?
3
Let p be -78*(2 - (-42)/(-9)). Let q be p/28 + 6/(-14). Suppose w = -5*o + 21, 0 = -w + q*o - 2*o - 9. What is the units digit of w?
6
Suppose -3*z = -6 - 0. Suppose 0 = -2*d + q + z*q + 22, 3*d - 55 = -q. What is the tens digit of d?
1
Let w(h) = h**2 + 2*h - 4. What is the units digit of w(-6)?
0
Suppose -l + 2*r = l - 314, 5*l - r - 777 = 0. What is the units digit of l?
5
Let n(l) = 14*l. Let p be n(5). Suppose -p = s - 6*s. What is the tens digit of s?
1
What is the tens digit of 232 + ((-24)/16)/(6/(-8))?
3
Let r be (-7)/(-3) - (-6)/9. What is the tens digit of (-6)/12*r*-8?
1
Let t(x) = x**2 + x + 14. Let q be t(0). Let c = q + -9. Suppose 3 - 63 = -c*f - 5*m, f - 17 = -2*m. What is the units digit of f?
7
What is the tens digit of 20/(-25) + (-447)/(-15)?
2
Let l(c) = c**3 - c**2 - c + 1. Let q be l(0). Let x = 5 - q. Suppose 0 = -4*y + 8, -x*d + 26 = -0*d + 5*y. What is the units digit of d?
4
Let l = 1 - -3. Suppose l*v - 2*v - 3*a - 27 = 0, 3*a = -5*v + 15. What is the units digit of v?
6
What is the units digit of 8/(-5) - -1 - (-57024)/165?
5
Let z(u) = -u + 5. Suppose 5*f - 6*j = -3*j + 12, 5*f = -4*j + 19. Let v be z(f). Suppose -v*a + 14 = k, 0 = -a + k + 6 + 7. What is the units digit of a?
9
Let m = 8 - 4. Let w = 10 - m. Suppose 25 = w*t - t. What is the units digit of t?
5
Let p = 1 + 0. Suppose 2 = -2*d - 2. What is the units digit of ((-17 - 0) + p)/d?
8
What is the tens digit of ((-6)/4)/(9/(-2214))?
6
Let s = 5 - -1. Let o be ((-9)/s)/(1/(-2)). Suppose 2*h - 29 = w, -2*h = 3*h + o*w - 67. What is the units digit of h?
4
Suppose r - 3*h = -2*h + 36, -5*h = -3*r + 108. Suppose 2*i + 3*t + 4 = 0, t + r = 5*i - 3*t. What is the units digit of i?
4
Let v = -2 - -3. Suppose -3*h = -t - 5*h + 6, 0 = -h + v. What is the units digit of t?
4
Suppose 6*w + 2*z = 2*w + 1138, -z + 1415 = 5*w. What is the hundreds digit of w?
2
Let x = -6 - -9. Let l be x/2*-1*-2. Suppose l*p = 19 - 4. What is the units digit of p?
5
Let z = -1 + 1. Let s = 7 + -7. What is the units digit of 2 + s/3 + z?
2
Suppose -3 = 5*h - 23. What is the units digit of h?
4
Suppose 9*o - 2345 = 13. What is the tens digit of o?
6
Suppose 2*d - 44 - 16 = 0. Suppose n = -2*n - d. Let g = n - -19. What is the units digit of g?
9
Let h(d) = -11 + 20 + 3*d - 14. What is the units digit of h(6)?
3
Suppose 3*k = -2*v + 5*k - 12, 3*v + k = -14. Let r = v + 7. Suppose 0 = r*g - 13 - 5. What is the units digit of g?
9
Let m = -19 + 50. What is the units digit of m?
1
Let a be (-4)/8*(2 - 0). What is the tens digit of a + 2 + 23 + 3?
2
Let d = -15 - -11. Let q be ((-75)/(-10))/(2/d). What is the units digit of q/(-10)*(-4)/(-6)?
1
Suppose 133 = 3*n - 4*o, -5*n + n + 180 = -4*o. Suppose 4*w - 5*k + 10 = n, 20 = 2*w - 4*k. Suppose 2*b = b + w. What is the units digit of b?
8
Suppose -5*w + 49 = -u, -5*w = -w + 2*u - 28. Suppose 4*o - 5*c + w - 42 = 0, o = -3*c + 4. What is the units digit of o?
7
Let l = 33 - 10. What is the units digit of l?
3
Let t(i) = -i - 2. Let p be t(-4). Suppose 5*u + p*s - 25 = 0, 6 = -3*u + s + 21. Suppose 7 = b + 3*a, -90 = -u*b - 4*a - 11. What is the units digit of b?
9
Let f be -6 - 4 - (-4)/2. Let t(k) = -k**2 - 9*k - 10. Let z be t(f). What is the units digit of z*(-3)/2*2?
6
Let p = 74 - 33. Let o = p + -9. Suppose -5*f - 16 = -2*v, -o = -4*v - f + 4*f. What is the units digit of v?
8
Let v = 53 - 38. What is the units digit of 1/3 + 250/v?
7
Let h(z) be the second derivative of -5*z**3/6 - 7*z**2 - z. What is the tens digit of h(-11)?
4
Let u(z) = 2*z + 3. Let m(a) = -4*a - 3. Let d(n) = -21*n - 15. Let s(t) = -2*d(t) + 11*m(t). Let x(v) = -2*s(v) - 3*u(v). What is the units digit of x(-6)?
9
Suppose -t + k + 42 = 5*k, 5*t - 2*k - 144 = 0. What is the tens digit of t?
3
Let s = 64 - -39. Let l = s - 61. What is the units digit of l?
2
Suppose 15*c - 10*c - 90 = 0. What is the units digit of c?
8
Let q be (3 - (-16)/(-3))*3. Let i = 11 - q. What is the tens digit of i?
1
Suppose 4*h - 138 = -26. What is the units digit of h?
8
Suppose 7*v - 290 = 2*v. What is the units digit of v?
8
Let q(m) = m - 4. Let k be q(7). Suppose -k*l + 10 = 4. What is the units digit of l?
2
Let a(b) = b**2 + 5*b + 1. Suppose -4*n + 3*n = 5. What is the units digit of a(n)?
1
Let w = -4 - -3. Let i be 1 - (-1*2 - w). Suppose 0 = -5*j - x + 2, x + 4 = -i*j + 3*j. What is th